{"id":12143,"date":"2025-11-06T19:00:11","date_gmt":"2025-11-06T18:00:11","guid":{"rendered":"http:\/\/www.kunst-haus.at\/?page_id=12143"},"modified":"2025-11-27T12:35:27","modified_gmt":"2025-11-27T11:35:27","slug":"tag-der-sonne-kopie","status":"publish","type":"page","link":"http:\/\/www.kunst-haus.at\/?page_id=12143","title":{"rendered":"Tag der Sonne"},"content":{"rendered":"<p>[vc_row][vc_column][vc_single_image image=&#8220;12076&#8243; img_size=&#8220;full&#8220; css_animation=&#8220;appear&#8220;][vc_row_inner][vc_column_inner][vc_text_separator title=&#8220;Tag der Sonne&#8220;][vc_cta h2=&#8220;Der 03.Mai ist der Tag der Sonne.&#8220;]Tag der Sonne &#8211; Gedanken am Ehrentag der Sonne -[\/vc_cta][vc_column_text]K\u00fcnstlerinnen und K\u00fcnstler der Darstellenden und Bildenden K\u00fcnste pr\u00e4sentierten am 03.05 2025 im Stadtsaal Feldkirchen ein \u00fcber zweist\u00fcndiges wundervolles Programm mit Musik,Gesang,Tanz,Schauspiel und Geschichten.<\/p>\n<p>Gewidmet war dieser Abend der Wertsch\u00e4tzung der Sonne. An diesem Tag wird die Bedeutung der Sonne betont und die Beitr\u00e4ge der Sonne zum Leben auf der Erde gesch\u00e4tzt.Ein Leben ohne Sonne k\u00f6nnen wir uns kaum vorstellen.[\/vc_column_text][\/vc_column_inner][\/vc_row_inner][\/vc_column][\/vc_row][vc_row][vc_column][vc_cta h2=&#8220;An diesem Tag wird die Bedeutung von Sonnenenergie betont und die Beitr\u00e4ge der Sonne zum Leben auf der Erde gesch\u00e4tzt.&#8220;]K\u00e4rntner K\u00fcnstler der Bildenden und Darstellenden Kunst interpretieren selbiges Thema in Form von verschiedenen Erz\u00e4hlungen in einer gestalteten Auff\u00fchrung die sie Gemeinsam mit der Stadt Feldkirchen erarbeiteten.<br \/>\nDer Tanz,Theater und die Musik bringen Erz\u00e4hlungen zum Leben k\u00fcnstlerisch sichtbar auf die B\u00fchne.[\/vc_cta][vc_column_text]Mit einer Auff\u00fchrung : Musik &#8211; Gesang &#8211; Tanz &#8211; Schauspiel &#8211; Geschichten w\u00fcrdigen K\u00fcnstler aus K\u00e4rnten diesen Ehrentag der Sonne.die denen dieser Himmelstern und sein Nutzen f\u00fcr den Menschen im Mittelpunkt stehen.<\/p>\n<p>Die Darbietungen begeisterten in ihrer Kreativit\u00e4t und Professionalit\u00e4t,und die Stimmung war phantastisch.Alle K\u00fcnstler teilen sich eine gemeinsame Leidenschaft und \u00fcberzeugten durch Authentizita\u0308t und Sympathie.<br \/>\nAuch der Kunstbasar in Foyer und Saal lockte so manche Zuschauer.[\/vc_column_text][vc_cta h2=&#8220;Vielen Herzlichen Dank an die Stadt Feldkirchen.&#8220;]<strong>F\u00fcr die zur Verf\u00fcgung gestellten R\u00e4umlichkeiten und Werbung von Hr.B\u00fcrgermeister Martin Treffner.An das MF-Marketing GmbH Feldkirchen Andrea Pecile und Mag. Erhard Bla\u00dfnig f\u00fcr Ihr Arrangement.\u00a0<\/strong>[\/vc_cta][\/vc_column][\/vc_row][vc_row][vc_column][vc_single_image image=&#8220;11032&#8243; img_size=&#8220;full&#8220; css_animation=&#8220;appear&#8220;][\/vc_column][\/vc_row][vc_row][vc_column][vc_cta h2=&#8220;Ein gro\u00dfes Dankesch\u00f6n an :&#8220;][\/vc_cta][vc_column_text]<\/p>\n<h5><strong>Harmut \u201eBarney\u201c M\u00e4lzer : ( Ton Technik ) <\/strong><\/h5>\n<h5><strong>Dominik Binder : (Licht Technik ) <\/strong><\/h5>\n<h5><strong>Franz Unterberger : ( Photograph )<\/strong><\/h5>\n<h5><strong>Melitta Otti : ( Die Sonne )\u00a0\u00a0<\/strong><\/h5>\n<h5><strong>Wolfgang Vogler : ( Arragement u.Einsatz )<\/strong><\/h5>\n<p>[\/vc_column_text][vc_cta h2=&#8220;Ein gro\u00dfes Dankesch\u00f6n an : den K\u00fcnstlern&#8220;][\/vc_cta][vc_column_text]<\/p>\n<h5><strong>Tanzschule Choreo District aus Feldkirchen unter der Leitung von Alessandra- Sabrina- Sch\u00f6ffmann.<\/strong><\/h5>\n<h5><strong>Family \u201eBarney\u201c M\u00e4lzer (Guitar\/vocals) \u201eMarkus M\u00e4lzer\u201c (Guitar\/vocals)\u201e Bianca M\u00e4lzer\u201c (vocals)<\/strong><br \/>\n<strong>Gloria Mojica : ( Klassischer Gesang )<\/strong><br \/>\n<strong>Regina Schwandt : ( Autorin ,Texte und Geschichten )<\/strong><br \/>\n<strong>Esperanza : (Gesang Soul )<\/strong><br \/>\n<strong>Ronja Abl, No\u00e9mi L\u00e1ng : ( Regieduo und Performances) Anna Richter, ( Performances)<\/strong><br \/>\n<strong>Verena Hartlieb und Harald Skorianz : ( Verehara Dudelsackrock K\u00e4rnten )<\/strong><br \/>\n<strong>Manfred Kostwein : ( Saxophon )<\/strong><br \/>\n<strong>Robert Trettenbrein : ( Bandoneon ) <\/strong><strong>Gerald Kakl : ( Kompositionen, Instrumentalmusik )<\/strong><\/h5>\n<h5>K\u00fcnstler : Berend Schabus : ( Bildnerisch)<br \/>\nK\u00fcnstler : Franz Unterberger : ( Photografien)<\/h5>\n<h5><\/h5>\n<p>[\/vc_column_text][\/vc_column][\/vc_row][vc_row][vc_column][vc_single_image image=&#8220;12131&#8243; img_size=&#8220;full&#8220;][\/vc_column][\/vc_row][vc_row][vc_column][vc_hoverbox image=&#8220;12066&#8243; primary_title=&#8220;&#8220; hover_title=&#8220;Tag der Sonne&#8220; hover_background_color=&#8220;orange&#8220; hover_btn_title=&#8220;Gallery&#8220; hover_btn_color=&#8220;danger&#8220; hover_add_button=&#8220;true&#8220; hover_btn_link=&#8220;url:http%3A%2F%2Fwww.kunst-haus.at%2F%3Fpage_id%3D12761|title:Gallery&#8220;]&nbsp;<\/p>\n<p>&nbsp;<\/p>\n<p>&nbsp;<\/p>\n<p>&nbsp;[\/vc_hoverbox][\/vc_column][\/vc_row]<\/p>\n","protected":false},"excerpt":{"rendered":"<p>[vc_row][vc_column][vc_single_image image=&#8220;12076&#8243; img_size=&#8220;full&#8220; css_animation=&#8220;appear&#8220;][vc_row_inner][vc_column_inner][vc_text_separator title=&#8220;Tag der Sonne&#8220;][vc_cta h2=&#8220;Der 03.Mai ist der Tag der Sonne.&#8220;]Tag der Sonne &#8211; Gedanken am Ehrentag der Sonne -[\/vc_cta][vc_column_text]K\u00fcnstlerinnen und K\u00fcnstler der Darstellenden und Bildenden K\u00fcnste pr\u00e4sentierten am 03.05 2025 im Stadtsaal Feldkirchen ein \u00fcber zweist\u00fcndiges wundervolles Programm mit Musik,Gesang,Tanz,Schauspiel und Geschichten. Gewidmet war dieser Abend<span class=\"more-link\"><a href=\"http:\/\/www.kunst-haus.at\/?page_id=12143\">Weiterlesen<\/a><\/span><\/p>\n","protected":false},"author":1,"featured_media":12066,"parent":0,"menu_order":0,"comment_status":"closed","ping_status":"closed","template":"","meta":{"_monsterinsights_skip_tracking":false,"_monsterinsights_sitenote_active":false,"_monsterinsights_sitenote_note":"","_monsterinsights_sitenote_category":0,"ngg_post_thumbnail":0,"footnotes":""},"class_list":["entry","author-wordpressadmin","post-12143","page","type-page","status-publish","has-post-thumbnail"],"_links":{"self":[{"href":"http:\/\/www.kunst-haus.at\/index.php?rest_route=\/wp\/v2\/pages\/12143","targetHints":{"allow":["GET"]}}],"collection":[{"href":"http:\/\/www.kunst-haus.at\/index.php?rest_route=\/wp\/v2\/pages"}],"about":[{"href":"http:\/\/www.kunst-haus.at\/index.php?rest_route=\/wp\/v2\/types\/page"}],"author":[{"embeddable":true,"href":"http:\/\/www.kunst-haus.at\/index.php?rest_route=\/wp\/v2\/users\/1"}],"replies":[{"embeddable":true,"href":"http:\/\/www.kunst-haus.at\/index.php?rest_route=%2Fwp%2Fv2%2Fcomments&post=12143"}],"version-history":[{"count":8,"href":"http:\/\/www.kunst-haus.at\/index.php?rest_route=\/wp\/v2\/pages\/12143\/revisions"}],"predecessor-version":[{"id":12775,"href":"http:\/\/www.kunst-haus.at\/index.php?rest_route=\/wp\/v2\/pages\/12143\/revisions\/12775"}],"wp:featuredmedia":[{"embeddable":true,"href":"http:\/\/www.kunst-haus.at\/index.php?rest_route=\/wp\/v2\/media\/12066"}],"wp:attachment":[{"href":"http:\/\/www.kunst-haus.at\/index.php?rest_route=%2Fwp%2Fv2%2Fmedia&parent=12143"}],"curies":[{"name":"wp","href":"https:\/\/api.w.org\/{rel}","templated":true}]}}