{"id":12121,"date":"2025-11-06T21:15:19","date_gmt":"2025-11-06T20:15:19","guid":{"rendered":"http:\/\/www.kunst-haus.at\/?page_id=12121"},"modified":"2025-11-27T12:43:14","modified_gmt":"2025-11-27T11:43:14","slug":"zeit-der-engel","status":"publish","type":"page","link":"http:\/\/www.kunst-haus.at\/?page_id=12121","title":{"rendered":"Zeit der Engel"},"content":{"rendered":"<p>[vc_row][vc_column][vc_single_image image=&#8220;12411&#8243; img_size=&#8220;full&#8220; css_animation=&#8220;appear&#8220;][vc_row_inner][vc_column_inner][vc_text_separator title=&#8220;Zeit der Engel&#8220;][vc_cta h2=&#8220;Der 20.April ist der Tag der Freiwilligen denen gro\u00dfe Anerkennung geb\u00fchrt&#8220;]<strong>Unsere Gesellschaft hat viele Bed\u00fcrfnisse, die nicht oder kaum ohne Freiwilligenarbeit zu bew\u00e4ltigen ist.\u00a0<\/strong>[\/vc_cta][vc_column_text]H\u00e4ufig w\u00e4re es nicht m\u00f6glich diese Leistungen zu entlohnen.Ohne engagierte Menschen, die sich ehrenamtlich in ihrer Freizeit f\u00fcr Soziale Projekte, Umwelt- und Tierschutzprojekte engagieren ist es kaum vorstellbar auch diese durchzuf\u00fchren zu k\u00f6nnen.Freiwilliges Engagement ist viel mehr als der Erwerb einer neuen Verantwortung, T\u00e4tigkeit oder eines Hobbys.<br \/>\nEin Freiwilliger zu sein bedeutet, sich mit ganzem Herzen f\u00fcr die Gesellschaft zu engagieren und Werte und Unterst\u00fctzung f\u00fcr unsere Mitmenschen zu vermitteln.Deswegen Danken wir Ihnen f\u00fcr Ihr Leben,Ihr Denken und Ihr F\u00fchlen das sie in so gro\u00dfartigen Weise sich f\u00fcr die Gesellschaft engagieren.[\/vc_column_text][\/vc_column_inner][\/vc_row_inner][\/vc_column][\/vc_row][vc_row][vc_column][vc_cta h2=&#8220;Erz\u00e4hlungen und Geschichten verkn\u00fcpfen Vergangenheit, Gegenwart und Zukunft.&#8220;]K\u00e4rntner K\u00fcnstler der Bildenden und Darstellenden Kunst interpretieren selbiges Thema in Form von verschiedenen Erz\u00e4hlungen in einer gestalteten Auff\u00fchrung die sie Gemeinsam mit der Stadt Feldkirchen erarbeiteten.<br \/>\nDer Tanz,Theater und die Musik bringen Erz\u00e4hlungen vom Leben &#8211; Denken &#8211; F\u00fchlen k\u00fcnstlerisch sichtbar auf die B\u00fchne.[\/vc_cta][vc_column_text]Mehr als 30 K\u00fcnstlerinnen und K\u00fcnstler der Darstellenden und Bildenden K\u00fcnste pr\u00e4sentierten am 20.04 2024 im Stadtsaal Feldkirchen ein knapp zweist\u00fcndiges wundervolles Programm mit Musik,Gesang,Tanz,Schauspiel und Geschichten.Gewidmet war dieser bunte Abend am Internationalen Tag der Anerkennung der Freiwilligenarbeit all jenen,die unerm\u00fcdlich und selbslos anderen helfen und Gutes tun.Darbietungen begeisterten in ihrer Kreativit\u00e4t und Professionalit\u00e4t,und die Stimmung war phantastisch.Auch der Kunstbasar in Foyer und Saal lockte so manche Zuschauer.[\/vc_column_text][vc_cta h2=&#8220;Vielen Herzlichen Dank an die Stadt Feldkirchen.&#8220;]<strong>F\u00fcr die zur Verf\u00fcgung gestellten R\u00e4umlichkeiten und Werbung von Hr.B\u00fcrgermeister Martin Treffner.An das MF-Marketing GmbH Feldkirchen Andrea Pecile und Mag. Erhard Bla\u00dfnig f\u00fcr Ihr Arrangement. F\u00fcr Licht und Ton Technik Harmut \u201eBarney\u201c M\u00e4lzer.Franz Unterberger ( Fotos )Melitta Otti ( Das Herz &#8211; Kunsthandwerk ), Werner Kastiunig ( Kunsthandwerke aus Holz ) Th.Mikel (Der Engel gemaltes Bild ) Wolfgang Vogler : ( Arragement u.Einsatz )<br \/>\n<\/strong>[\/vc_cta][\/vc_column][\/vc_row][vc_row][vc_column][\/vc_column][\/vc_row][vc_row][vc_column][vc_single_image image=&#8220;11032&#8243; img_size=&#8220;full&#8220; css_animation=&#8220;appear&#8220;][\/vc_column][\/vc_row][vc_row][vc_column][vc_cta h2=&#8220;Vielen Herzlichen Dank an alle K\u00fcnstler die an dieser Veranstaltung teilnahmen und an das zahlreiche Publikum.&#8220;][\/vc_cta][vc_cta h2=&#8220;&#8220;]<strong>Tanzschule Choreo District aus Feldkirchen unter der Leitung von Alessandra- Sabrina- Sch\u00f6ffmann.<\/strong><\/p>\n<p><strong>Listen to the Musik ( Christiane \u201eJazzsoulina\u201c St\u00f6ckl (vocals), Gabriele St\u00f6ckl (vocals), Sigo Greschitz (Guitar) und Harmut \u201eBarney\u201c M\u00e4lzer (Guitar\/vocals).<\/strong><\/p>\n<p><strong>Gloria Mojica : ( Klassischer Gesang )<\/strong><\/p>\n<p><strong>Regina Schwandt : ( Autorin ,Texte und Geschichten )<\/strong><\/p>\n<p><strong>Ronja Abl, No\u00e9mi L\u00e1ng : ( Regieduo und Performances)<\/strong><\/p>\n<p><strong>Verena Hartlieb und Harald Skorianz : (Verehara Dudelsackrock K\u00e4rnten )<\/strong><\/p>\n<p><strong>Robert Trettenbrein : ( Bandoneon )<\/strong><\/p>\n<p><strong>Petra Weickart : ( Saxophon )<\/strong><\/p>\n<p><strong>Gerald Kakl : ( Instrumental Musik )<\/strong>[\/vc_cta][\/vc_column][\/vc_row][vc_row][vc_column][vc_single_image image=&#8220;12131&#8243; img_size=&#8220;full&#8220; onclick=&#8220;custom_link&#8220;][\/vc_column][\/vc_row][vc_row][vc_column][vc_hoverbox image=&#8220;11921&#8243; primary_title=&#8220;Gallery&#8220; hover_title=&#8220;Zeit der Engel&#8220; hover_background_color=&#8220;orange&#8220; hover_btn_title=&#8220;Gallery&#8220; hover_btn_color=&#8220;warning&#8220; hover_add_button=&#8220;true&#8220; hover_btn_link=&#8220;url:http%3A%2F%2Fwww.kunst-haus.at%2F%3Fpage_id%3D12750|title:zeit%20der%20engel&#8220;][\/vc_hoverbox][\/vc_column][\/vc_row]<\/p>\n","protected":false},"excerpt":{"rendered":"<p>[vc_row][vc_column][vc_single_image image=&#8220;12411&#8243; img_size=&#8220;full&#8220; css_animation=&#8220;appear&#8220;][vc_row_inner][vc_column_inner][vc_text_separator title=&#8220;Zeit der Engel&#8220;][vc_cta h2=&#8220;Der 20.April ist der Tag der Freiwilligen denen gro\u00dfe Anerkennung geb\u00fchrt&#8220;]Unsere Gesellschaft hat viele Bed\u00fcrfnisse, die nicht oder kaum ohne Freiwilligenarbeit zu bew\u00e4ltigen ist.\u00a0[\/vc_cta][vc_column_text]H\u00e4ufig w\u00e4re es nicht m\u00f6glich diese Leistungen zu entlohnen.Ohne engagierte Menschen, die sich ehrenamtlich in ihrer Freizeit f\u00fcr Soziale Projekte,<span class=\"more-link\"><a href=\"http:\/\/www.kunst-haus.at\/?page_id=12121\">Weiterlesen<\/a><\/span><\/p>\n","protected":false},"author":1,"featured_media":12065,"parent":0,"menu_order":0,"comment_status":"closed","ping_status":"closed","template":"","meta":{"_monsterinsights_skip_tracking":false,"_monsterinsights_sitenote_active":false,"_monsterinsights_sitenote_note":"","_monsterinsights_sitenote_category":0,"ngg_post_thumbnail":0,"footnotes":""},"class_list":["entry","author-wordpressadmin","post-12121","page","type-page","status-publish","has-post-thumbnail"],"_links":{"self":[{"href":"http:\/\/www.kunst-haus.at\/index.php?rest_route=\/wp\/v2\/pages\/12121","targetHints":{"allow":["GET"]}}],"collection":[{"href":"http:\/\/www.kunst-haus.at\/index.php?rest_route=\/wp\/v2\/pages"}],"about":[{"href":"http:\/\/www.kunst-haus.at\/index.php?rest_route=\/wp\/v2\/types\/page"}],"author":[{"embeddable":true,"href":"http:\/\/www.kunst-haus.at\/index.php?rest_route=\/wp\/v2\/users\/1"}],"replies":[{"embeddable":true,"href":"http:\/\/www.kunst-haus.at\/index.php?rest_route=%2Fwp%2Fv2%2Fcomments&post=12121"}],"version-history":[{"count":15,"href":"http:\/\/www.kunst-haus.at\/index.php?rest_route=\/wp\/v2\/pages\/12121\/revisions"}],"predecessor-version":[{"id":12776,"href":"http:\/\/www.kunst-haus.at\/index.php?rest_route=\/wp\/v2\/pages\/12121\/revisions\/12776"}],"wp:featuredmedia":[{"embeddable":true,"href":"http:\/\/www.kunst-haus.at\/index.php?rest_route=\/wp\/v2\/media\/12065"}],"wp:attachment":[{"href":"http:\/\/www.kunst-haus.at\/index.php?rest_route=%2Fwp%2Fv2%2Fmedia&parent=12121"}],"curies":[{"name":"wp","href":"https:\/\/api.w.org\/{rel}","templated":true}]}}