{"id":12113,"date":"2025-11-03T20:14:58","date_gmt":"2025-11-03T19:14:58","guid":{"rendered":"http:\/\/www.kunst-haus.at\/?page_id=12113"},"modified":"2025-12-28T19:15:47","modified_gmt":"2025-12-28T18:15:47","slug":"datenschutz","status":"publish","type":"page","link":"http:\/\/www.kunst-haus.at\/?page_id=12113","title":{"rendered":"DATENSCHUTZ"},"content":{"rendered":"<p>[vc_row][vc_column][\/vc_column][\/vc_row][vc_row][vc_column][vc_hoverbox image=&#8220;11710&#8243; primary_title=&#8220;&#8220; primary_align=&#8220;left&#8220; hover_title=&#8220;DATENSCHUTZ&#8220;]Mit Ihrem Besuch auf dieser Website stimmen Sie der Verwendung von Cookies zu. Dies hilft uns den Service f\u00fcr Sie weiter zu verbessern.<\/p>\n<p>&nbsp;<\/p>\n<p>&nbsp;[\/vc_hoverbox][\/vc_column][\/vc_row][vc_row][vc_column][\/vc_column][\/vc_row][vc_row][vc_column][vc_tta_accordion][vc_tta_section title=&#8220;Datenschutz -Datenerhebung&#8220; tab_id=&#8220;1761584651095-c5e19341-a3fa&#8220;][vc_column_text]Mit Ihrem Besuch auf dieser Website stimmen Sie der Verwendung von Cookies zu. Dies hilft uns den Service f\u00fcr Sie weiter zu verbessern.<br \/>\nDer Schutz Ihrer personenbezogenen Daten bei der Erhebung, Verarbeitung und Nutzung anl\u00e4\u00dflich Ihres Besuchs auf unserer Website ist uns ein wichtiges Anliegen. Ihre Daten werden im Rahmen der gesetzlichen Vorschriften gesch\u00fctzt. Nachfolgend finden Sie Informationen, welche Daten w\u00e4hrend Ihres Besuchs auf der Homepage erfasst und wie diese genutzt werden.<br \/>\nDurch die Nutzung der Website erkl\u00e4ren Sie sich mit diesen Bestimmungen zum Datenschutz einverstanden. Betreiber der Website ist Art Novem (Kunstlerfreunschaftskreis) Hoffmangasse 10, 9020 Klagenfurt am W\u00f6rthersee.<br \/>\nDiese Datenschutzerkl\u00e4rung gilt unabh\u00e4ngig davon von welchem Endger\u00e4t die Website aufgerufen wird. Der Zweck dieser Datenschutzerkl\u00e4rung besteht darin, Sie im Detail dar\u00fcber zu informieren, wie wir mit Ihren Daten umgehen.[\/vc_column_text][vc_column_text][\/vc_column_text][\/vc_tta_section][vc_tta_section title=&#8220;Zweck der Datenerhebung&#8220; tab_id=&#8220;1761585641540-c8d02c4a-2d3a&#8220;][vc_column_text]Die Website kann jederzeit auch ohne Angabe personenbezogener Daten genutzt werden. Es werden ausschlie\u00dflich Zugriffsdaten ohne Bezug auf die Person gespeichert. Diese Daten helfen uns bei der Verbesserung unserer Leistungen und Dienste und erm\u00f6glichen keinen R\u00fcckschluss auf die jeweilige Person. Manche der angebotenen Leistungen und Dienste erfordern es aber, dass Nutzer der Website freiwillig bestimmte personenbezogene Informationen auf unserer Website bekannt geben. Um diese Leistungen und Dienste anbieten und abwickeln zu k\u00f6nnen, ben\u00f6tigen wir die M\u00f6glichkeit zur Kontaktaufnahme mit dem Kunden sowie andere Informationen. Wir benutzen diese Daten, um unsere Verpflichtungen gegen\u00fcber unseren Nutzern und Kunstinterresierten zu erf\u00fcllen sowie um Werbung f\u00fcr eigene Zwecke zu betreiben.[\/vc_column_text][vc_column_text][\/vc_column_text][\/vc_tta_section][vc_tta_section title=&#8220;Verarbeitung und Verwendung von Daten&#8220; tab_id=&#8220;1761585786363-32300b14-9cc4&#8243;][vc_column_text]Ihre Daten werden von uns verarbeitet und verwendet, um die Leistungen und die Dienste auf der Website bestm\u00f6glich zur Verf\u00fcgung stellen zu k\u00f6nnen. Die Daten helfen uns unter anderem bei der Abwicklung von Transaktionen, die von Ihnen gew\u00fcnscht werden und bei der benutzerfreundlichen Gestaltung unserer Website.[\/vc_column_text][vc_column_text][\/vc_column_text][\/vc_tta_section][vc_tta_section title=&#8220;Verarbeitung und Nutzung personenbezogener Daten&#8220; tab_id=&#8220;1761585900785-b238f1e1-7b98&#8243;][vc_column_text]Wir verarbeiten und nutzen Ihre personenbezogenen Daten nur, wenn Sie uns diese Daten freiwillig zur Verf\u00fcgung stellen. Dies erfolgt in den meisten F\u00e4llen in Zusammenhang mit einem Dienst auf unserer Website (z.B. Registrierung als Nutzer) oder Erbringung einer Leistung (z.B. eintragung einer Veranstaltung). Nutzer- bzw. Kundendaten werden ausschlie\u00dflich zum Zweck der Erf\u00fcllung unserer Leistungen und zum Zweck der Werbung f\u00fcr eigene Angebote genutzt.[\/vc_column_text][vc_column_text][\/vc_column_text][\/vc_tta_section][vc_tta_section title=&#8220;Weitergabe personenbezogener Daten&#8220; tab_id=&#8220;1761585957376-774f0704-7700&#8243;][vc_column_text]Personenbezogene Daten, die online \u00fcbermittelt wurden, werden nur nach Ihrem vorherigen Einverst\u00e4ndnis oder auf Grund einer gesetzlichen Verpflichtung an Dritte weitergegeben. Unter gesetzlichen Verpflichtungen sind insbesondere gerichtliche oder verwaltungsbeh\u00f6rdliche Anordnungen zur Herausgabe von Daten im Zusammenhang mit rechtswidrigen Handlungen zu verstehen. Ausgenommen davon ist die Weitergabe von Daten soweit dies unmittelbar zur Erf\u00fcllung vertraglicher Verpflichtungen erforderlich ist, wie z.B. zur Abwicklung von Zahlungen an das mit der Zahlung beauftragte Kreditinstitut bzw. die Weitergabe von Daten an mit der Lieferung beauftragte Versandunternehmen.[\/vc_column_text][vc_column_text][\/vc_column_text][\/vc_tta_section][vc_tta_section title=&#8220;Einsatz von Cookies&#8220; tab_id=&#8220;1761586058836-416033c0-69bb&#8220;][vc_column_text]Wir verwenden auf unserer Website Cookies, um Ihnen bestimmte Dienste auf der Website zur Verf\u00fcgung zu stellen und die Benutzerfreundlichkeit und Funktionalit\u00e4t unserer Website st\u00e4ndig zu verbessern. Aus diesen Gr\u00fcnden werden anonymisierte Daten der Besucher unserer Website erfasst und gespeichert sowie Nutzungsprofile unter der Verwendung von Pseudonymen erstellt sowie mit personenbezogenen Daten \u00fcber den Tr\u00e4ger des Pseudonyms zusammengef\u00fchrt. Dabei dienen Cookies u.a. der Wiedererkennung Ihres Internet Browsers. Cookies sind kleine Textdateien, die auf Ihrem Computer gespeichert werden. Mit Hilfe von Cookies ist es m\u00f6glich, die Surfgewohnheiten der Websitebesucher zu analysieren und die Website st\u00e4rker an die Bed\u00fcrfnisse der Benutzer anzupassen. Cookies bleiben auch nach Ihrem Besuch auf unserer Website bei Ihnen am Computer gespeichert, um Ihnen beim n\u00e4chsten Besuch z.B. das neuerliche umst\u00e4ndliche Ausf\u00fcllen von Webformularen zu ersparen oder um die pers\u00f6nlichen Einstellungen des Benutzerkontos automatisch zu erkennen.[\/vc_column_text][vc_column_text][\/vc_column_text][\/vc_tta_section][vc_tta_section title=&#8220;Verwendung von Google Analytics&#8220; tab_id=&#8220;1761586127869-dae2dd1e-1d2e&#8220;][vc_column_text]Wir benutzen Google Analytics, einen Webanalysedienst von Google Inc. (\u201eGoogle\u201c). Die durch das Cookie erzeugten Informationen \u00fcber Ihre Benutzung dieser Website werden in der Regel an einen Server von Google in den USA \u00fcbertragen und dort gespeichert. Im Falle der Aktivierung der IP-Anonymisierung auf dieser Website wird Ihre IP-Adresse von Google jedoch innerhalb von Mitgliedstaaten der Europ\u00e4ischen Union oder in anderen Vertragsstaaten des Abkommens \u00fcber den Europ\u00e4ischen Wirtschaftsraum zuvor gek\u00fcrzt. Nur in Ausnahmef\u00e4llen wird die volle IP-Adresse an einen Server von Google in den USA \u00fcbertragen und dort gek\u00fcrzt. Im Auftrag des Betreibers dieser Website wird Google diese Informationen benutzen, um Ihre Nutzung der Website auszuwerten, um Reports \u00fcber die Websiteaktivit\u00e4ten zusammenzustellen und um weitere mit der Websitenutzung und der Internetnutzung verbundene Dienstleistungen gegen\u00fcber dem Websitebetreiber zu erbringen. Die im Rahmen von Google Analytics von Ihrem Browser \u00fcbermittelte IP-Adresse wird nicht mit anderen Daten von Google zusammengef\u00fchrt. Sie k\u00f6nnen die Speicherung der Cookies durch eine entsprechende Einstellung Ihrer Browser-Software verhindern. Sie k\u00f6nnen dar\u00fcber hinaus die Erfassung der durch das Cookie erzeugten und auf Ihre Nutzung der Website bezogenen Daten (inkl. Ihrer IP-Adresse) durch Google sowie die Verarbeitung dieser Daten durch Google verhindern, indem Sie das unter dem folgenden Link (tools.google.com\/dlpage\/gaoptout?hl=de) verf\u00fcgbare Browser-Plugin herunterladen und installieren. Sie k\u00f6nnen die Erfassung durch Google Analytics verhindern, indem Sie auf folgenden Link klicken. Es wird ein Opt-Out-Cookie gesetzt, das die zuk\u00fcnftige Erfassung Ihrer Daten beim Besuch dieser Website verhindert.<br \/>\nHier finden Sie die Nutzungsbedingungen und Datenschutzrichtlinien von Google Analytics.[\/vc_column_text][vc_column_text][\/vc_column_text][\/vc_tta_section][vc_tta_section title=&#8220;Verwendung von Facebook Plugins&#8220; tab_id=&#8220;1761586224403-68356087-c3e3&#8243;][vc_column_text]Auf einigen Unterseiten unserer Website werden Plugins eingesetzt, die von Facebook betrieben werden. Facebook Inc. ist ein soziales Netzwerk mit Sitz in Menlo Park, Kalifornien, USA. Ein Plugin ist ein Softwaremodul, das von einer Website, wenn diese ge\u00f6ffnet wird, aufgerufen und eingebunden wird, um dadurch die Funktionalit\u00e4t der Website zu erweitern. Die Facebook Plugins sind mit dem Facebook Logo bzw. mit der Bezeichnung \u201eFacebook Social Plugin\u201c gekennzeichnet. Unterseiten unserer Website, auf denen dieses Plugin zum Einsatz kommt, verbinden sich im Hintergrund automatisch mit den Servern von Facebook. Facebook sendet daraufhin den Inhalt des Plugins direkt an den anfordernden Browser. Das Plugin wird so in die Webseite eingebunden und im Browser des Benutzers dargestellt. Da der Browser des Besuchers unserer Webseite auch das Plugin vom Facebook Server aufruft, erf\u00e4hrt Facebook, dass unsere Website ge\u00f6ffnet wurde und \u00fcbermittelt Ihre IP-Adresse an Facebook. Dies unabh\u00e4ngig davon, ob Sie bei Facebook ein Konto besitzen bzw. ob Sie gerade als Facebook Benutzer angemeldet sind oder nicht. Facebook verbindet den Besuch unserer Website mit Ihrem Facebook-Konto, wenn Sie Facebook Nutzer sind und bei Facebook angemeldet sind. Als Nutzer von Facebook haben Sie den Nutzungsbedingungen, den Datenverwendungsrichtlinien und den Bestimmungen zur Verwendung von Cookies zugestimmt. Facebook verwendet diese Informationen, um bestimmte Interessen und Neigungen der Nutzer zu ermitteln und, um diese Daten u.a. auch zu Werbezwecken zu nutzen.[\/vc_column_text][vc_column_text][\/vc_column_text][\/vc_tta_section][vc_tta_section title=&#8220;Verwendung von Google+ Plugins&#8220; tab_id=&#8220;1761586305949-1eb5a2ee-d555&#8243;][vc_column_text]Google+ setzt auf einigen Unterseiten unserer Website Plugins (\u201eGoogle +1 Schaltfl\u00e4che\u201c) ein, die von Google Inc., einem Unternehmen mit Sitz in Mountain View, Kalifornien, USA betrieben werden. Unterseiten unserer Website, auf denen dieses Plugin zum Einsatz kommt, verbinden sich im Hintergrund automatisch mit den Servern von Google. Dadurch erf\u00e4hrt Google, dass unsere Website ge\u00f6ffnet wurde und erh\u00e4lt auch auch die IP Adresse Ihres Computers. Als Benutzer von Google+ haben Sie der Datenschutzerkl\u00e4rung und den Nutzungsbedingungen von Google zugestimmt und sich u.a. damit einverstanden erkl\u00e4rt, dass Google Cookies auf Ihrem Computer einsetzt. Wenn Sie bei Google+ angemeldet sind, kann Google+ dies direkt Ihrem Google+ Profil zuordnen und je nach den von Ihnen getroffenen Einstellungen (\u201eGoogle Kreise\u201c) bestimmte Informationen Ihrem Google+ Profil zuordnen und ver\u00f6ffentlichen. Die Google +1 Schaltfl\u00e4che erm\u00f6glicht es Google Ihre Interessen zu erheben, zu verarbeiten und zu speichern sowie Ihnen dementsprechend optimierte Informationen und Werbung zu \u00fcbermitteln bzw. zusammengefasste Statistiken \u00fcber Ihre Google+ Aktivit\u00e4ten an Partnerunternehmen, wie z.B. Werbetreibende oder verbundene Websites weiterzugeben. Diese personalisierte Werbung kann z.B. in diversen Suchergebnissen oder auf Websites, die Google Adwords bzw. Google Adsense verwenden, angezeigt werden. Sie k\u00f6nnen sich von Ihrem Google+ Konto abmelden, wenn Sie verhindern m\u00f6chten, dass Google unter Verwendung von Google+ \u00fcber unsere Website Informationen \u00fcber Sie erhebt, verarbeitet und speichert. Sie k\u00f6nnen interessenbezogene Anzeigen von Google deaktivieren. Mit Hilfe der Google+ Kontoeinstellungen k\u00f6nnen Sie au\u00dferdem selbst Ihre Sicherheits- und Datenschutzeinstellungen auf Google+ festlegen.[\/vc_column_text][vc_column_text][\/vc_column_text][\/vc_tta_section][vc_tta_section title=&#8220;Verwendung von YouTube Plugins&#8220; tab_id=&#8220;1761586378386-eeb077e4-6bfd&#8220;][vc_column_text]Zur Darstellung von Videos verwenden wir auf unserer Website Youtube, ein Videoportal mit Sitz in San Bruno, Kalifornien, USA dessen Eigent\u00fcmer Google Inc. ist. Wenn Sie ein Video auf unserer Website aufrufen, wird dieses Video automatisch von einem Youtube-Server angefordert. Auf diese Weise erf\u00e4hrt Youtube, dass dieses Video angefordert wurde und welche IP-Adresse der Computer hat, der dieses Video angefordert hat. Mit der Benutzung von Youtube haben Sie die Nutzungsbedingungen sowie die Datenschutzerkl\u00e4rung akzeptiert und sich u.a damit einverstanden erkl\u00e4rt, dass Youtube bzw. Google Cookies auf Ihrem Computer einsetzen. Anhand der von Ihnen gestarteten Videos kann Youtube ein Profil Ihrer Interessen und Neigungen generieren und Ihnen dementsprechend Informationen und Werbungen zukommen lassen. Nachdem Youtube ein Dienst von Google Inc. ist, werden die \u00fcber Youtube gesammelten Informationen auch von Google genutzt und zur zielgruppenspezifischen Steuerung von Werbung eingesetzt. Diese pers\u00f6nliche Werbung wird nicht nur auf Youtube angezeigt, sondern kann auch von Google oder von anderen Websites, die Dienste von Google einsetzen, angezeigt werden. Sie k\u00f6nnen interessenbezogene Anzeigen von Google deaktivieren.[\/vc_column_text][vc_column_text][\/vc_column_text][\/vc_tta_section][vc_tta_section title=&#8220;Recht auf Auskunft&#8220; tab_id=&#8220;1761586505560-0ff28d29-6903&#8243;][vc_column_text]Sie haben das Recht jederzeit und kostenlos Auskunft \u00fcber Ihre bei uns gespeicherten personenbezogenen Daten zu verlangen. Sie sind au\u00dferdem berechtigt, die gespeicherten personenbezogenen Daten berichtigen, sperren bzw. l\u00f6schen zu lassen. Weiters k\u00f6nnen sie erteilte Einwilligungen (z.B. zum Erhalt des Newsletters) jederzeit widerrufen. Sollten Sie weitere Fragen oder Anregungen zum Thema Datenschutz haben oder Auskunft zu gespeicherten personenbezogenen Daten ben\u00f6tigen, schicken Sie uns ein E-Mail, einen Brief oder rufen Sie uns an.<\/p>\n<p>Art Novem<br \/>\nK\u00fcnstlerfreunschaftskreis<br \/>\nHoffmangasse 10<br \/>\n9020 Klagenfurt am W\u00f6rthersee<br \/>\nTel: 0664\/1964164<br \/>\nE-Mail: artnovem@web.de<br \/>\nE-Mail: contact@kunst-haus.at<br \/>\nwww.kunst-haus.at[\/vc_column_text][vc_column_text][\/vc_column_text][\/vc_tta_section][\/vc_tta_accordion][\/vc_column][\/vc_row]<\/p>\n","protected":false},"excerpt":{"rendered":"<p>[vc_row][vc_column][\/vc_column][\/vc_row][vc_row][vc_column][vc_hoverbox image=&#8220;11710&#8243; primary_title=&#8220;&#8220; primary_align=&#8220;left&#8220; hover_title=&#8220;DATENSCHUTZ&#8220;]Mit Ihrem Besuch auf dieser Website stimmen Sie der Verwendung von Cookies zu. Dies hilft uns den Service f\u00fcr Sie weiter zu verbessern. &nbsp; &nbsp;[\/vc_hoverbox][\/vc_column][\/vc_row][vc_row][vc_column][\/vc_column][\/vc_row][vc_row][vc_column][vc_tta_accordion][vc_tta_section title=&#8220;Datenschutz -Datenerhebung&#8220; tab_id=&#8220;1761584651095-c5e19341-a3fa&#8220;][vc_column_text]Mit Ihrem Besuch auf dieser Website stimmen Sie der Verwendung von Cookies zu. Dies hilft uns den Service f\u00fcr<span class=\"more-link\"><a href=\"http:\/\/www.kunst-haus.at\/?page_id=12113\">Weiterlesen<\/a><\/span><\/p>\n","protected":false},"author":1,"featured_media":11710,"parent":0,"menu_order":0,"comment_status":"closed","ping_status":"closed","template":"","meta":{"_monsterinsights_skip_tracking":false,"_monsterinsights_sitenote_active":false,"_monsterinsights_sitenote_note":"","_monsterinsights_sitenote_category":0,"ngg_post_thumbnail":0,"footnotes":""},"class_list":["entry","author-wordpressadmin","post-12113","page","type-page","status-publish","has-post-thumbnail"],"_links":{"self":[{"href":"http:\/\/www.kunst-haus.at\/index.php?rest_route=\/wp\/v2\/pages\/12113","targetHints":{"allow":["GET"]}}],"collection":[{"href":"http:\/\/www.kunst-haus.at\/index.php?rest_route=\/wp\/v2\/pages"}],"about":[{"href":"http:\/\/www.kunst-haus.at\/index.php?rest_route=\/wp\/v2\/types\/page"}],"author":[{"embeddable":true,"href":"http:\/\/www.kunst-haus.at\/index.php?rest_route=\/wp\/v2\/users\/1"}],"replies":[{"embeddable":true,"href":"http:\/\/www.kunst-haus.at\/index.php?rest_route=%2Fwp%2Fv2%2Fcomments&post=12113"}],"version-history":[{"count":8,"href":"http:\/\/www.kunst-haus.at\/index.php?rest_route=\/wp\/v2\/pages\/12113\/revisions"}],"predecessor-version":[{"id":12844,"href":"http:\/\/www.kunst-haus.at\/index.php?rest_route=\/wp\/v2\/pages\/12113\/revisions\/12844"}],"wp:featuredmedia":[{"embeddable":true,"href":"http:\/\/www.kunst-haus.at\/index.php?rest_route=\/wp\/v2\/media\/11710"}],"wp:attachment":[{"href":"http:\/\/www.kunst-haus.at\/index.php?rest_route=%2Fwp%2Fv2%2Fmedia&parent=12113"}],"curies":[{"name":"wp","href":"https:\/\/api.w.org\/{rel}","templated":true}]}}